posite number?
False
Suppose 29*q - 27*q = 6. Is (-1)/(-4)*q + 3311/28 a prime number?
False
Suppose -2*a - 7 = -3*h + 7, -3 = -5*a - 2*h. Is (a + -1)/((-1)/1174*4) a composite number?
False
Let y(x) = -329*x**3 + x**2 + x - 5. Let a be y(-3). Let u = a - 4493. Is u prime?
True
Suppose 2*u = 4*u. Suppose u = 5*c - 5*r - 180, 3*c - 3*r = -r + 109. Let h = 132 + c. Is h a composite number?
True
Suppose 24 = 4*s + 4*w, 0 = -2*s + 2*w - 6*w + 16. Let b be -1 - s/8*-2. Suppose 3*d - 573 = -b*d. Is d prime?
True
Let v(u) = -u**3 + 5*u**2 + u + 2. Let f be v(5). Suppose f*l - 4101 = 4*l. Suppose 6*h - 607 = l. Is h a prime number?
False
Suppose 2*u + 5 = 3*u. Suppose -u*y - 20 = 0, j - 2*y = -3*j. Is 8514/36 - (-3)/j prime?
False
Suppose k + 10 = 4*u, -4*k + 5*u = -0*u + 7. Let h(x) = 51*x**3 - 2*x**2 - 5*x + 11. Is h(k) a prime number?
True
Let m = -268 + 505. Suppose m = n - 14. Is n composite?
False
Let o(s) = 21*s**2 - 11*s - 49. Is o(-13) a prime number?
True
Suppose 3*b - 15056 = 3301. Is b prime?
False
Let d(z) = -4*z**3 + 3*z**2 - 4*z + 18. Let r(q) = 3*q**3 - 2*q**2 + 4*q - 18. Let s(n) = -2*d(n) - 3*r(n). Is s(-11) composite?
True
Let h = 117553 - 65838. Is h a prime number?
False
Let z be 147/(2*2/44). Suppose -z = -0*i - i. Let t = i + -1138. Is t a prime number?
True
Let l be 6/(-15)*(-60)/2. Suppose n = -5*n + 19050. Suppose -n = -l*p + 7*p. Is p prime?
False
Suppose -5*y = -562 - 11028. Let d = y + -1465. Is d a prime number?
True
Let w(a) = -a**3 + a**2 + a + 1. Let g(t) = 4*t**3 + 7*t**2 - 24*t - 46. Let i(h) = -g(h) - 5*w(h). Is i(21) a composite number?
False
Suppose -11*q + 12*q - 6 = 0. Suppose 0 = -5*a + b - 13, 2*a + 4*b = -8 - q. Is 106 - a*(3 + -2) composite?
False
Let c(z) = 194*z + 5. Is c(4) a composite number?
True
Let z = -89 + 106. Let r = -11 - -16. Suppose -3*t + z = i + i, -r*t + 5 = i. Is i a prime number?
False
Suppose -c - 5*y + 29 = -64, 5*y = -3*c + 239. Let h = 360 - c. Is h a composite number?
True
Let m(h) = -h**3 - 10*h**2 + 9*h - 19. Let w be m(-11). Suppose -11669 = -3*j - 2*c, 2*c - c + 11666 = w*j. Is j prime?
True
Let k = 6104 - -5435. Is k a prime number?
False
Suppose 0 = 2*k - 2*r - 546, -4*r - 25 = -33. Let v(f) = f**3 - 6*f**2 + 2. Let j be v(6). Suppose 0 = h + 5*n - k, -h + 4*n = j*h - 787. Is h prime?
False
Suppose 41*y = 54*y - 19487. Is y a composite number?
False
Suppose 335*k - 332*k - 7449 = 0. Is k composite?
True
Suppose 0 = -t - 3*f + 16705, -2*t + 33404 = f + 2*f. Is t a composite number?
False
Let u = 35564 - 7941. Is u a prime number?
False
Let c = -22 + 24. Suppose -39835 = -c*u - 3*b, -3*u + 0*b = 5*b - 59753. Is u/169 + 2/13 a composite number?
True
Let k(m) be the third derivative of 151*m**4/24 - 20*m**2. Suppose 0 = -3*t - 6 + 27. Is k(t) composite?
True
Suppose 3*f - 22 = -4*m, 31 = -0*m + 5*m + 2*f. Suppose -2*x = 6, -q + 0*x - m = 3*x. Suppose 7*b = q*b + 2395. Is b a composite number?
False
Is (-3 - -1)/(((-14)/(-5593))/(-1)) prime?
False
Let u = 5 + 1. Suppose u*b - 708 - 354 = 0. Is b prime?
False
Let k(f) be the third derivative of f**5/6 + f**4/8 - f**3/3 + 4*f**2 - 1. Let x be 47/7 + (-4)/(-14). Is k(x) composite?
False
Suppose -2*a - 2*t = -15812, -5*a - 2*t = -3*t - 39500. Is a prime?
True
Let r(i) = 2*i**2 - 8*i + 3. Let u(z) = -z**2 + 7*z - 2. Let n(y) = 3*r(y) + 4*u(y). Is n(7) composite?
False
Suppose 0 = -5*q + 8 + 17. Let n(a) = 3*a**2 - 4. Let k be n(q). Suppose -2*u + 183 = -k. Is u a prime number?
True
Let l(d) be the third derivative of d**4/24 + 4*d**3/3 + 5*d**2. Let h be l(7). Suppose 4*v - 1213 = h. Is v composite?
False
Let b(n) = 6*n**2 - 12*n - 19. Let r(c) = -17*c + 5. Let x be r(1). Is b(x) a composite number?
True
Let k = -6862 - -35307. Is k prime?
False
Let f(h) = -40*h + 34. Let d be f(-8). Suppose 4*i + 2*i = d. Is i composite?
False
Suppose 2*v = 5*w - 50, 5*w + v = -2*v + 25. Let h be 2006/w - (-15)/(-20). Let a = 217 + h. Is a a composite number?
False
Is 12/8 + 6687/18 composite?
False
Suppose 30*w - 27*w - 9 = 0. Suppose -l - 3*g - 10 = -3*l, 12 = w*l - 3*g. Suppose -3*p - 2*k = -1907, p - 638 = l*k - 5*k. Is p a composite number?
True
Suppose 5 - 3 = -2*f. Let n be (-9)/((-180)/(-16))*-5. Is 4 + (n - (f - 26)) composite?
True
Let l be 0 + 2 + (-8)/2. Let f be (-2 - -1)*l + -5. Is f + ((-4)/4 - -291) a prime number?
False
Suppose -1736383 = -27*f - 415894. Is f a composite number?
False
Let t be (2 - 2)*-1 - -88. Is (-18990)/(-22) - 16/t a composite number?
False
Let d(g) = g**3 - 24*g**2 + 21*g + 51. Let y be d(23). Let j(q) be the third derivative of 29*q**4/4 - 5*q**3/6 - q**2. Is j(y) a composite number?
True
Let z(p) be the third derivative of 27*p**5/40 - p**4/24 - p**3/3 + 2*p**2. Let f(a) be the first derivative of z(a). Is f(2) a composite number?
True
Suppose -h = -5*m + 15270, -3*h = -0*h. Suppose 0 = -3*a - 657 + m. Is a a prime number?
False
Let i(t) = -90*t**3 + 5*t**2 - 4*t - 131. Is i(-8) prime?
True
Let z(y) = -y**3 - 5*y**2 + 14*y + 47. Is z(-17) prime?
False
Let b = 1694 + -290. Suppose -2*w + 282 = -b. Is w prime?
False
Let j = 24 + -21. Suppose 4*r - 7 = -j*o + 2004, -3*r - 2*o + 1507 = 0. Is r prime?
True
Let f(y) be the first derivative of -13*y**3/6 - 7*y**2 + 6*y + 1. Let t(m) be the first derivative of f(m). Is t(-16) a prime number?
False
Let v(n) = -80*n - 39. Let z(y) = -319*y - 157. Let t(f) = 9*v(f) - 2*z(f). Is t(-5) a composite number?
False
Suppose 8 = -r + m, 3*m + 6 = -r + 2. Let j = r - -13. Suppose -2*w + j*w - 92 = 0. Is w a prime number?
True
Suppose -56573 - 87205 = -62*p. Is p composite?
True
Let j be 6208/5 + (-21)/35. Let z = j - 840. Is z prime?
True
Suppose 3*h + 39 = 54. Suppose -h*y = -4*d + 284, 0 = -4*y + y. Is d a composite number?
False
Let t(g) = -g**3 - g**2 + 10*g + 21. Is t(-10) prime?
True
Let z = 0 + 5. Suppose -2*q - 8 = -4*f, 0*f + z*f + 4*q - 10 = 0. Suppose -230 - 236 = -f*o. Is o a prime number?
True
Let b(x) = 48*x**2 + 77*x - 43*x - 6*x**2 - 38*x + 3. Is b(4) a prime number?
True
Let r(v) be the first derivative of 27*v**2/2 - 17*v + 23. Is r(8) a composite number?
False
Let i = -21253 - -35144. Is i a prime number?
False
Let w = 459 - 462. Suppose -o - o - 30 = 0. Is (-4 + (-5)/w)*o a composite number?
True
Let r(x) = 170*x**2 - 9*x - 4. Let q(o) = 509*o**2 - 26*o - 11. Let j = -16 + 22. Let v(t) = j*q(t) - 17*r(t). Is v(1) a composite number?
False
Let z(u) = -u**2 - 9*u + 7. Let r be z(-10). Let q(l) = -l**2 - 2*l + 3. Let s be q(r). Suppose s*d + 4*d = 484. Is d prime?
False
Suppose 104 = -12*m + 14*m. Let x = 1239 - m. Is x prime?
True
Let x(t) = 1014*t - 247. Is x(15) composite?
True
Let o = 1574 - 819. Suppose -o = -6*a - 257. Is a a prime number?
True
Let u = 6 - 3. Suppose 0 = 2*m - 47 + 11. Suppose -s = -u*s + m. Is s a composite number?
True
Suppose -b + 1513 = w, -9*w + 7*w + b = -3026. Is w composite?
True
Suppose -15 = -5*b, -1262 = -5*a + 71*b - 70*b. Is a a composite number?
True
Let l(g) = -25*g**2 - 5*g - 1. Let p(s) = 24*s**2 + 6*s + 1. Let u(t) = -6*l(t) - 5*p(t). Let b(d) = 9*d - 53. Let k be b(6). Is u(k) a composite number?
False
Is 11 - 4 - (-3 - 46503/3) a composite number?
False
Let c(o) = o**2 + o + 19. Let l(w) = 2*w**2 + w + 38. Let b be 8/(-4) + 0 + 0. Let a(j) = b*l(j) + 5*c(j). Is a(9) a prime number?
True
Let l be (-12136)/(-7) - (-4)/14. Let u be (24/15)/(8/100). Is l/22 + u/110 prime?
True
Let k be (12 + -15)/((-3)/2). Suppose 6*c + 790 = c + z, -10 = -k*z. Let a = -38 - c. Is a a composite number?
True
Let n be (3 - 1)*(0 + 2). Suppose 2*o - 8 = n. Suppose -3*j - 980 = -l, -o*l = -2*l - j - 3909. Is l composite?
False
Let g = -10 - -14. Let p(k) = 59*k - 9. Let l be p(g). Suppose -4*r + 3*u = -l, 2*r - 5*u + 2 - 105 = 0. Is r composite?
False
Let x(q) = 4*q**3 + q**2 - 13*q - 1. Let v be 4 + (-6)/((-12)/4). Is x(v) a composite number?
False
Let d(r) = -192*r**3 + 7*r**2 + 9*r - 3. Is d(-2) a composite number?
False
Let r be 10*(-10)/175 - 252918/(-14). Suppose -93*y = -88*y - r. Is y composite?
False
Let q(p) = p**3 + 7*p**2 - 18*p + 3. Let v be q(-8). Let t = v + -4. Is t prime?
True
Suppose -3*v + 6*b + 26819 = 5*b, -3*v = -5*b - 26827. Is v a prime number?
False
Suppose 3 = -q + 5. Let y be (-2)/8 + 84/16. Suppose 2*w - y*x = -4*x +